3. Let f be n(5). Suppose -27*p - 13 = -f*p. Calculate the remainder when p is divided by 5.
3
Suppose 54*c - 18*c = 8892. Let k(g) = -g**2 + 8*g + 163. What is the remainder when c is divided by k(17)?
7
Let t(m) = -m**2 - 9*m + 41. Let j be t(-5). Suppose h - j = 3*x + 48, 4*h - 386 = 2*x. What is the remainder when 371 is divided by h?
89
Suppose 191 - 11 = -10*l. Calculate the remainder when 42 is divided by (0 + l/15)/((-24)/300).
12
Let f(g) = 9*g**2 + 29*g - 58. Let u = 4 - -4. What is the remainder when f(2) is divided by u?
4
Let n(r) = r**2 + 123*r - 706. What is the remainder when n(6) is divided by 24?
20
Suppose 3*a + 222 = f + 4*f, f + 5*a = 50. Let u be (15*(-2)/(-4))/((-2)/(-4)). What is the remainder when 1173/9 - 5/(u/(-2)) is divided by f?
41
Let j(v) = 288*v + 2400. Let g(p) = p**3 + 8*p**2 - 10*p + 17. What is the remainder when j(-8) is divided by g(-9)?
18
Suppose -4*f = -5*h + 109 + 27, -h = 4*f - 8. Suppose 9*i = -45 + 423. Suppose -416*o + i = -413*o. Calculate the remainder when h is divided by o.
10
Suppose 3776 - 504 + 6794 = 14*s. What is the remainder when s is divided by 143?
4
Suppose -3*h + 2*x + 69 = -x, 4*x = 0. What is the remainder when 731 is divided by h?
18
Suppose 12*m = 10*m + 10*m - 56312. Calculate the remainder when m is divided by 64.
63
Let f = -28 + 27. Let q be -1 + (-6 - -2) + (f - -3). What is the remainder when 16 is divided by 7 + (-24)/(-4) + q?
6
Let q be (-31)/(-124) + 22/8. Suppose -3*u - u + 18 = -2*t, 0 = 4*u - 5*t - q. What is the remainder when -1 + 18 + 5 + -4 is divided by u?
4
Suppose 926 = 5*o - 1139. Let f = 525 + -507. Calculate the remainder when o is divided by f.
17
Let w = -1745 - -1764. Calculate the remainder when 302 is divided by w.
17
Suppose -124*x = -37*x - 1827. Calculate the remainder when 396 is divided by x.
18
Let j = -1632 + 1693. Calculate the remainder when 426 is divided by j.
60
Let n be 4014/14 - ((-108)/(-14) - 8). Let r = 318 - n. Calculate the remainder when 58 is divided by r.
27
Let c(t) = 10*t**2 + 5*t - 3. Suppose p - 5 = 0, 6*m + 5*p = 8*m - 355. Suppose 335 + m = 15*n. What is the remainder when c(-4) is divided by n?
32
Let d = 6174 + -6010. What is the remainder when 173 is divided by d?
9
Let i be ((-120)/72)/((-2)/6). Suppose -5*v = 3*g - 8*g - 50, -5*v - i*g + 30 = 0. Calculate the remainder when 254 is divided by v.
6
Suppose -24 = -5*l - b - 2*b, l = 3*b + 12. Let i be -2 + (-2838)/14 - (-6)/(-21). Let a = i + 214. Calculate the remainder when a is divided by l.
3
Let o be (94 + -2)/(0 - (-1 + 0)). Suppose 3*r + o = 2*h, -2*r = 5*h + 37 - 229. Let v = 79 - h. What is the remainder when v is divided by 10?
9
Let q be (-57)/(5*(-6)/(-90)). Let c = 180 + q. Calculate the remainder when 737 is divided by c.
8
Suppose -2*d - 7 + 37 = -5*x, x = -2*d + 6. Suppose 0 = d*f - 10*f. Let z(s) = s + 8. What is the remainder when 20 is divided by z(f)?
4
Let d(v) = -2*v**3 + 89*v**2 - 34*v - 125. What is the remainder when d(44) is divided by 38?
11
What is the remainder when 887 is divided by 98 - 3 - (-9 + -6 + 2 + 9)?
95
What is the remainder when 231*((-2355)/(-105) - 19) is divided by 392?
8
Suppose 12*c - 19 = 5. Suppose c*v = 172 + 224. What is the remainder when 82 is divided by (-296)/(-10) - (-6 - v/(-30))?
24
Let k = -7 + 3. Let a(b) be the first derivative of 2*b**3/3 - 2*b**2 + 5*b - 2001. What is the remainder when a(k) is divided by 27?
26
Let n(l) = 5*l - 7. Let d(v) = 40*v + 1. Let q be d(1). Let p = q - 36. What is the remainder when 52 is divided by n(p)?
16
Calculate the remainder when 80/(5/2 + (-16)/32) is divided by 34.
6
Let x = -5325 - -11456. Calculate the remainder when x is divided by 66.
59
Let q = 99 + -84. Let z(c) = -3*c - 3. Let k be z(-7). Calculate the remainder when 22/(-99) - (-436)/k is divided by q.
9
Suppose -2*a + 3*a = 29. What is the remainder when a is divided by 3/2*-3*(-80 + 78)?
2
Suppose 399 = 4*i + 5*j, -114*i + 5*j + 555 = -109*i. Calculate the remainder when 5720 is divided by i.
102
Let w be (-2)/17 - (-9863)/(-119). Let b be 1 + w/(-9) + 22/(-99). Let k = -6 + b. Calculate the remainder when 18 is divided by k.
2
Suppose 5*k - n - 719 = 0, 0 = k + 5*n - 0*n - 123. Calculate the remainder when 213 is divided by k.
70
Let y(x) = -x - 3. Let v(u) = -11*u - 52. Let o be v(-4). What is the remainder when 2 - (o/(-48) - (-50)/(-12)) is divided by y(-5)?
0
Let o(k) = 12*k**2 + 28*k + 287. What is the remainder when o(-8) is divided by 93?
87
Let c(g) = -4*g. Let r be 0 + 7 - 1 - (-22 + 23). Suppose -r*v + 75 = 20. What is the remainder when c(-5) is divided by v?
9
Let q be (-524)/(-22) - 4/(-22). Suppose -z - 7*z - q = 0. Calculate the remainder when 43 + z - (0 - 3) is divided by 11.
10
What is the remainder when (4/6)/(152/211356) is divided by 234?
225
Let m = -187 - -190. Suppose -o - 3*b = -3*o + 12, 6 = -m*b. What is the remainder when 78 is divided by o?
0
Let r = 6 - -251. What is the remainder when 1796 is divided by r?
254
Let m(i) = 715*i**2 + 177*i - 5. Calculate the remainder when m(-4) is divided by 58.
55
Let a = -1274 - -1329. Calculate the remainder when 1814 is divided by a.
54
Suppose 0 = -5*c + 246*u - 241*u + 760, -4*u = -5*c + 758. What is the remainder when c is divided by 49?
3
Let p = 808 + -805. Suppose p*r - 2*h - 199 = 0, 3*r - 204 = -21*h + 18*h. Calculate the remainder when 333 is divided by r.
65
Suppose 4*s - 10 = -2*k, -3*s + 8*s = -3*k + 11. What is the remainder when 107 is divided by s/(-3 + 40/12)?
11
Suppose 0 = 3*m + 3*p - 256 - 17, 100 = m + 4*p. What is the remainder when 4388 is divided by m?
76
Let v(p) = -p**3 - 10*p**2 - 8*p - 37. Suppose -6*u - 38 = 22. What is the remainder when 257 is divided by v(u)?
42
Let s = -403 + 1043. Calculate the remainder when s is divided by 92.
88
Suppose 356 - 509 - 431 = -146*v. What is the remainder when 717 is divided by v?
1
Let g(y) = -2*y**2 - 70*y - 340. Calculate the remainder when 421 is divided by g(-29).
5
Suppose -4*q + 58 = -2. Let v = 25398 + -25025. What is the remainder when v is divided by q?
13
Suppose -h + 3*a + 17 = -0*h, -4*h - a + 68 = 0. Suppose -124*v + 953 = -17895. Calculate the remainder when v is divided by h.
16
Let f = -3564 + 3591. Calculate the remainder when 522 is divided by f.
9
Let y = -65 + 118. Let t = y - 49. Suppose 9 = o - q, 4*q = -4*o + 3*q + 26. Calculate the remainder when o is divided by t.
3
Suppose 0 = 3*f + 6, 3*l - 16*f - 112 = -14*f. Suppose 321*o - 317*o = l. Calculate the remainder when 58 is divided by o.
4
Calculate the remainder when 198 is divided by 11/22*-16*(2 + (-91)/8).
48
Let b(z) = z**2 - 6*z - 96. Let r be b(-17). Suppose r - 329 = -2*l. Calculate the remainder when 118 is divided by l.
16
Suppose 26 - 63 = -d. Let p(v) = v**2 - 35*v - 130. Let x be p(-12). Let l = x + -422. What is the remainder when d is divided by l?
1
Suppose 21*m - 26*m - u = -17345, u = 0. What is the remainder when m is divided by 124?
121
Let r = -20658 - -20712. Calculate the remainder when 603/12*2*2 is divided by r.
39
Suppose 5*t + 162 = d - 5*d, -2*t + 5*d - 78 = 0. What is the remainder when (-14)/(-4)*3/((-3)/t) is divided by 25?
19
Suppose 474*o = 536*o - 744. What is the remainder when (84/15)/1*5 is divided by o?
4
Suppose 466*y - 4898 = 435*y. What is the remainder when 315 is divided by y?
157
Calculate the remainder when 5732 is divided by (-6 + 8)*(4 - -10 - 11).
2
Suppose 5*v + 5*c - 90 = 0, c = -4*v - v + 90. What is the remainder when 10/12 - (-1947)/v is divided by 13?
5
Let j be 32875/(-75)*(-9)/15. Let x = j - 254. Calculate the remainder when 38 is divided by x.
2
Let l be (0/(-4))/(2*-1). Suppose -149 = -3*q - 2*v - l*v, -3*v + 144 = 3*q. Suppose -4*i = -3*i - 19. What is the remainder when q is divided by i?
15
Calculate the remainder when 850 is divided by 418/8 - 28/(-16).
40
Suppose 2*h + 4*x + 3 = 33, 0 = 2*h - 2*x. Suppose -4*v + 20 = h*i + v, -5*i = 2*v - 14. What is the remainder when 12 is divided by i?
0
Let x(u) = 4*u + 343 - 421 + 11*u. Calculate the remainder when 120 is divided by x(8).
36
Suppose 31*v - 4906 = -5*m + 35*v, 5*m - 4878 = -3*v. Calculate the remainder when m is divided by 36.
6
What is the remainder when 1352 is divided by 119/(-34)*-2 +